t g(j) = -j**2 + 7*j - 4. Let w be g(6). Let k(l) = 4*l - 6 + 3*l - 4*l**2 + 3*l**w. Let p be 3/(-16 - -1) - 78/(-15). Determine k(p).
4
Let x(v) = 12*v**2 - 8*v**2 - 3*v**2 - v + 5*v. What is x(-5)?
5
Suppose f = 2*x + 10, -f + 4*x + 20 = 2*f. Let l = 2 + f. Let z(r) = 0 + r - r**l + 1 - r + r. Calculate z(-1).
-1
Let q = -56 + 55. Let r(m) = 3*m**3 - m**2. Give r(q).
-4
Let q = -8 + 6. Let l(g) be the second derivative of g**5/20 + g**4/6 - g**3/2 - 3*g**2/2 + 7*g. Calculate l(q).
3
Let d(t) = t - 1. Let n(p) = -15*p + 20. Let a(j) = 20*d(j) + n(j). Calculate a(-1).
-5
Let i(g) = -g**3 + 6*g**2 + 8*g - 2. Suppose -2*z = -5*h - 9, 0 = -5*z + h + 4*h + 30. Give i(z).
5
Let n(c) be the third derivative of -c**4/12 - 7*c**3/6 - 17*c**2. Suppose 15 - 102 = -3*k. Suppose 4*v = 9 - k. Give n(v).
3
Suppose 5*k - 26 = 9. Let o(i) = -7*i - i + k*i. Give o(0).
0
Let y(g) = 5 + 12*g + g - 8*g + g**2 - g. Determine y(-4).
5
Let q(l) = 2*l**2 + l - 4. Let t(x) = x**3 + 4*x**2 - 8*x - 30. Let y be t(-3). Calculate q(y).
17
Let z be 1536/(-42) - (-4)/7. Let i be ((-2)/6)/((-6)/z). Let h(j) = -j**3 - 3*j**2 - 3*j. What is h(i)?
2
Let m(c) = -13*c**2 + 14*c + 13. Let w(i) = -3*i**2 + 4*i + 3. Let h(f) = 2*m(f) - 9*w(f). Determine h(7).
-8
Let m be -1 + 0 - (-14)/2. Let o(a) = 3 + m - 7 - a. What is o(2)?
0
Let x(o) = -o**2 + 5*o + 33. Let m be x(8). Let f(j) = -j**3 + 9*j**2 + 1. Give f(m).
1
Suppose 5*r + 2*u - 43 = 0, 0*r + 12 = r - 3*u. Suppose -r*k = -5*k - 24. Let v(n) = 0*n - 2*n - 2 + 2*n**2 + k*n - n**3. Determine v(3).
1
Suppose -2*g = 3*g + 5. Let r = -1 + g. Let i(b) be the third derivative of b**5/60 - b**4/24 - b**3/6 + b**2. Calculate i(r).
5
Suppose 8*l + 49 = l. Let u be (7 - 6)/((-1)/l). Let p(v) = -v**3 + 6*v**2 + 8*v - 9. Give p(u).
-2
Let y(k) be the first derivative of k - 4 - 1/3*k**3 + k**2. What is y(2)?
1
Suppose -5 = -5*d + 3*m - 6*m, 3*d = 3*m + 3. Suppose -2*n - d = 7. Let f(g) = -g**3 - 4*g**2 - 5. Determine f(n).
-5
Let r(h) = -2*h**3 + 6*h**2 - 2*h - h**3 + 4*h**3 - 7. Suppose 5*i - 25 = -3*a, 0 = -i - 3*a - 7 - 0. Suppose i*q - 3*q - 24 = 4*v, 2*q = 0. What is r(v)?
5
Let h(z) = -5*z. Suppose k + 0 + 2 = 0. Let x(d) be the second derivative of d**3/6 - 3*d. Let q(c) = k*h(c) - 9*x(c). Determine q(2).
2
Suppose -42*o + 45 = -37*o. Let m(f) = -2*f + 9. What is m(o)?
-9
Suppose -3*g = 3 - 6. Let p(l) = l**3 - 3*l - 1 + 0 + 7*l - g + 5*l**2. Give p(-4).
-2
Let d(j) = -j - 1. Let m(z) = z**3 + 3*z**2 - 5*z. Let a be m(-4). Let c(x) = 10*x - 5. Let l be c(a). Suppose 4*t = 5*i, -3*t = -0*i + 5*i - l. Determine d(i).
-5
Let b be 3/(-2 + (-14)/(-4)). Let t(z) = z + 2 - b - 4 - 3. What is t(5)?
-2
Let v be (1 - 0) + 2 - -1. Let f(i) = -5*i**3 - i**2 + i + 2. Let x(s) = -14*s**3 - 2*s**2 + 4*s + 6. Let p(j) = 11*f(j) - 4*x(j). Calculate p(v).
-6
Let n(d) = d - 2. Let z(y) = y + 1. Let f(u) = -2*n(u) - 6*z(u). Calculate f(3).
-26
Let t(m) = m**2 + 2*m + 1. Let y = -27 - -25. Let f be (3 + y)*1*-3. Calculate t(f).
4
Suppose -c + 7 = q, 3*q + 3 + 0 = 5*c. Let w(x) = c*x - 2 - 3 - 2*x - 4. What is w(7)?
-2
Let f(q) = q - 1. Let h be -1 - -1*(2 - 1). Suppose 4*j - 2*j - 6 = h. Let b be f(j). Let u(a) = 2*a**3 - 3*a**2 - a + 2. Calculate u(b).
4
Let v(n) be the first derivative of -9*n**4/4 + n**3/3 - 6. What is v(1)?
-8
Suppose -5*s = 3*m - 16, 4*s + 3 - 13 = -m. Let g(x) = 4*x - m - 3*x + 2*x. Determine g(3).
7
Suppose 5*q = 1 - 46. Let y(o) = o**2 + 9*o + 2. Let d be y(q). Let m(u) = u**2 + 1. Let c(z) = 5*z**2 + 3*z + 1. Let w(j) = -c(j) + 4*m(j). Determine w(d).
-7
Let s(m) = m**3 + 10*m**2 + 2. Let r be s(-10). Let y(c) = 8*c**2 - 3*c + 9. Let w(t) = 7*t**2 - 3*t + 8. Let b(g) = -7*w(g) + 6*y(g). Give b(r).
0
Let b(s) = -s**2 - 3*s + 3. Let j be b(-4). Let q(r) = 4*r**2 - 2*r - 1. Calculate q(j).
5
Let n(k) = -k**3 - k**2 - k + 1. Let r(b) = 2*b**3 + 4*b**2 + 7*b. Let m(w) = -2*w + 1. Let u be m(-1). Let v(j) = u*n(j) + r(j). What is v(-2)?
7
Let f(s) = -s**2 + 1. Suppose -3*t + 6 = -2*o, 3*o - o + 2*t - 4 = 0. Let w be f(o). Let y(r) be the second derivative of 7*r**5/20 + r. Calculate y(w).
7
Let q be (-5 - -2) + -1 + 2. Let r be 3*1/q*-2. Let y(w) = -w + 5. What is y(r)?
2
Let f(v) be the first derivative of v**4/4 - 8*v**3/3 - 9*v**2/2 - 2*v - 10. Give f(9).
-2
Let f(k) = 2*k**2 + k + 2. Suppose -2*c - 5 = 3*j, -j - j - 3*c - 10 = 0. Suppose -5*o + 3*p = 33, 2 = -o - 3*p - j. Let r = 4 + o. Determine f(r).
8
Let j(l) = -5*l + 1. Suppose -4*x - 4 = 12. Let h(m) = m + 3. Let u be h(x). Calculate j(u).
6
Suppose -4*l + 8 + 4 = 0. Let g(f) = f - 3. Determine g(l).
0
Suppose 18 + 0 = 2*z. Suppose -2*y + 1 = z. Let i(j) = j**2 + 3*j + 3. What is i(y)?
7
Let o(u) = 5 - 1 + 2*u + 1. Let n(f) = 4*f**2 + f**2 + 1 + 0*f**2 - f**3 - f. Let g be n(5). Give o(g).
-3
Let g = 29 + -13. Suppose 3*w = 2 + g. Let s(h) = -5*h**2 - 15*h - 12. Let b(o) = 2*o**2 + 7*o + 6. Let y(l) = -7*b(l) - 3*s(l). Give y(w).
6
Let k(q) = -q**2 + 4*q + 5. Let l be k(5). Suppose l*a - 2 = a. Let i(f) = 0 + 2*f**3 + 2*f + 0 + 2*f**2 - 1. What is i(a)?
-13
Let x be 0/(3 - 1 - 1). Let h(z) = 2*z + 7. Give h(x).
7
Let a(x) = -7. Let u(g) = 10. Let t(l) = 7*a(l) + 5*u(l). Let v(z) = -z + 10. Let k(i) = 6*t(i) - v(i). Give k(5).
1
Let c(m) = 11 - 7*m + 0*m - 10. Calculate c(1).
-6
Let z(y) = 6*y**3 + y**2 - 1. Let s be -3*((-4)/(-2) + -10). Suppose g - s = 5*g. Let j be ((-4)/(-6))/((-4)/g). What is z(j)?
6
Let i(d) be the second derivative of -d + 3*d**2 + 0 - 2/3*d**3 - 1/12*d**4. Suppose 0 = -3*q - 2*s - 7, -2*q - 2*s - s = -2. Calculate i(q).
1
Let s(n) = n**3 - 8*n**2 + 6*n + 11. Suppose 0 = -7*h + 10 + 39. Calculate s(h).
4
Suppose g + 1 = 2*g - r, 0 = -4*g + 3*r + 9. Let h(w) = -w + 8. Let k be h(g). Let q(f) = 3*f - 3. Calculate q(k).
3
Let i(w) = 3*w - 1. Let h(o) = -7*o + 3. Let g(y) = -2*h(y) - 5*i(y). Suppose -5*b + 3*z + 31 = 5*z, -22 = -2*b - 4*z. Let j = b - 7. Determine g(j).
1
Let v(n) = -6*n + n**2 + 0*n**2 + 3*n + 4*n - 1. What is v(-2)?
1
Suppose -4*m = -0*m + 5*a - 6, -9 = m - 4*a. Let c(n) be the first derivative of -5*n**3/3 - n**2/2 + 1. Calculate c(m).
-4
Let r(h) = 7*h + 7. Let t(q) = -q + 13. Let l be t(8). Let u(k) = -6 - 2 - l*k - 3*k. Let j(c) = 5*r(c) + 4*u(c). What is j(-3)?
-6
Let t(a) = 7*a + 7 + 5*a - 384*a**2 + 376*a**2 - 2*a**3. Let n(k) = 0*k**3 - 6*k + k**3 - 3 + 4*k**2 + 0*k**3. Let i(m) = -7*n(m) - 4*t(m). Determine i(-5).
-2
Let a(s) be the first derivative of s**3/3 - s**2 + 2*s - 8. Let u = 4 - 1. Calculate a(u).
5
Let w be (-36)/(-24) - (-14)/4. Let x(m) = -m**2 + 5*m + 6. What is x(w)?
6
Let u(g) be the second derivative of -g**5/15 - g**4/24 - g**3/6 + 2*g. Let b(x) be the second derivative of u(x). Let h be 2/((3 - 2)*-2). Calculate b(h).
7
Let y(b) be the second derivative of 2*b + 1/3*b**4 + 1/20*b**5 - 3*b**2 + 0 - 7/6*b**3. Let d(q) = -2*q + 5. Let z be d(5). Determine y(z).
4
Let x(n) = n**3 + n**2 + n + 1. Let a(d) = -d + 3. Let j be a(4). Let v(k) = k**3 + 4*k**2 + 1. Let l(m) = j*v(m) + 2*x(m). Give l(2).
5
Let f(n) be the second derivative of n**5/20 - n**4/3 + n**3/3 - 2*n**2 + 17*n. Let o = 12 + -8. Give f(o).
4
Let l(v) be the second derivative of -v**5/20 + v**4/2 - v**3/6 + 3*v**2 - 34*v. Calculate l(6).
0
Let t(n) = -n**2 - 5*n - 2. Let k(g) = g. Let d = -18 + 13. Let c be k(d). Give t(c).
-2
Let h(l) = l + 2. Let i be (0/3 - -3) + 7/(-1). Calculate h(i).
-2
Let u be (6/7)/((-12)/(-56)). Let z(f) = 5*f - 3 + u*f - 10*f. Calculate z(0).
-3
Let s = 7 + -4. Let y(u) be the third derivative of u**4/6 + u**3/3 - 4*u**2. Let n(m) = 5*m + 1. Let k(g) = s*n(g) - 4*y(g). Give k(-4).
-1
Let l be -1 - -1 - 28/(-4). Let z(v) = 2*v - 5*v + v + l. Calculate z(6).
-5
Let g(u) = -u**2 - 24*u - 28*u + 3 + 47*u. Give g(-5).
3
Let r(y) be the second derivative of -y**3/3 - y**2/2 - 9*y. What is r(2)?
-5
Let u(i) be the third derivative of -i**5/60 - i**3/2 - 13*i**2. Let f be (-1 - 1/(-1))/(-2). Determine u(f).
-3
Let r(l) = 2 + 2 + 0 + 16*l - 5. Calculate r(1).
15
Suppose 2*l = -4*r + 9 + 19, -2*r = 3*l - 18. Let d(t) = -t**2 + 6*t + 1. Let v be d(r). Let q(y) = -7*y**2 - 2*y + 1. Determine q(v).
-8
Let o(l) = -l**2 - l. Let x(a) = -a**3 - a**2 + 4*a + 1. Let r be x(-2). Calculate o(r).
-6
Suppose -o + 36 = o. Suppose o = 3*q +